-1 + 1)*1. Suppose u = 6*q - 2 + 20. Let d(m) = -m + 3. What are the prime factors of d(q)?
2, 3
Let w(z) = -z**2 + 98. Let x be w(0). Suppose x + 1 = 3*c. List the prime factors of c.
3, 11
Suppose 0*h = -6*h. Suppose -4*f + 0 + 100 = h. What are the prime factors of f?
5
Let i = -15 + 29. Let k = -11 - -8. Let c = i - k. What are the prime factors of c?
17
Suppose -2*h + 32 = 4. Suppose 0*q + 5*j - 15 = -5*q, 4*q - 5*j - 3 = 0. Suppose q*g - h = g. What are the prime factors of g?
2, 7
Let o(f) = -2*f**3 - 5*f**2 - 11*f + 18. Let r be o(-9). Suppose 0 = 4*g + 130 - r. List the prime factors of g.
2, 5, 13
Let t = 6 + 1. Suppose 0*p + t*p = 406. Suppose 0 = -4*k + i + 49, 0*k - 4*k = 2*i - p. What are the prime factors of k?
13
Suppose -2*n = -2*a - 1304, 2*a = n - a - 662. What are the prime factors of n?
647
Let g be ((-8)/(-12))/((-4)/(-18)). Let u(p) = 4*p + 21. Let a(w) = -5*w - 22. Let s(j) = g*a(j) + 4*u(j). What are the prime factors of s(-13)?
5
Suppose 72 = 5*r + 4*l, -2*r + 7*r + 5*l - 70 = 0. List the prime factors of 36/r*40/3.
2, 3, 5
Let o(u) = 2*u**2 + 2*u - 4. Let g(h) = h**2 - 2*h + 12. Let z be g(12). Let c be 7*1*z/(-154). List the prime factors of o(c).
2, 7
Let r = -237 + 315. List the prime factors of r.
2, 3, 13
Let m = 106 + -50. Let s = 152 - m. What are the prime factors of s?
2, 3
Suppose -4*y - 5*r + 4 - 14 = 0, r = 4*y - 2. Suppose -4*i = -2*a + 84, 5*a + y*i - 2*i - 170 = 0. List the prime factors of a.
2
Let o(t) = 2*t + 0 - 421*t**2 - 7 + 423*t**2. Let b(y) = y + 1. Let h be b(-4). List the prime factors of o(h).
5
Let l = -51 + 53. Suppose -s + 103 = 2*i + 34, 4*i = l*s - 122. What are the prime factors of s?
5, 13
Let k = -500 - -916. List the prime factors of k.
2, 13
Let c(u) = -5*u**3 + 80*u**2 - 44*u + 16. Let y(k) = k**3 - 16*k**2 + 9*k - 3. Let w(q) = -2*c(q) - 11*y(q). List the prime factors of w(15).
61
Let f be -3 + 4 + (-18)/(-2). What are the prime factors of -7 + f - (-39 + 1)?
41
Suppose 13*c = 4913 + 8295. What are the prime factors of c?
2, 127
Let n(u) = -u**3 - 16*u**2 - 16*u - 11. Let j be n(-15). Suppose j = 3*f + 1, 3*o = 5*f + 325. Suppose 5 = -3*s + o. What are the prime factors of s?
5, 7
What are the prime factors of -296*((-35)/(-20) - 3)?
2, 5, 37
Suppose -2*i + 21 = 5*i. Suppose x = -d + 57, d = i*d - 3*x - 134. What are the prime factors of d?
61
Suppose -41*c = -36*c - 1070. List the prime factors of c.
2, 107
Suppose 3*g = 1 - 31. Let v(h) = h**3 + 10*h**2 + h + 21. List the prime factors of v(g).
11
Let d = 80 + -14. Suppose -3*a = 4*r - 62, 4*a - d = 4*r - r. List the prime factors of a.
2, 3
Let i(a) = -144*a - 292. What are the prime factors of i(-36)?
2, 1223
Suppose 4*b + 2*h = 5*h + 12, -4*b - 20 = 5*h. Suppose b = -m - 3*n + 32 + 20, -m + 57 = 4*n. What are the prime factors of m?
37
Let o be (9 - 5) + 1 + -2. Suppose 4*l - 4*u + 8 = 0, -o*u - 2 = -4*l - 5. Let t(v) = 8*v - 9. What are the prime factors of t(l)?
3, 5
Let h = 8951 - 5540. What are the prime factors of h?
3, 379
Suppose 0 = 2*i + 3*x - x - 198, 2*i + 3*x = 202. List the prime factors of i.
5, 19
Suppose 0*m + 170 = 3*m - 2*p, -114 = -2*m + p. What are the prime factors of m?
2, 29
Suppose 0*v + 8*v = 4408. Suppose -2*j = -o + 124, 3*o - v + 143 = -3*j. What are the prime factors of o?
2, 3, 11
Let j(i) = -i**3 - 3*i**2 - 2*i + 5. Let w be 3 + 3 + -2 + -9. List the prime factors of j(w).
5, 13
Let w(o) = 3*o**2 - 4*o + 4. Let q be w(10). Suppose z - 51 = -2*n, -5*z = -0*n + n - q. Let t = z + -32. List the prime factors of t.
3, 7
Let a = -1865 + 4030. List the prime factors of a.
5, 433
Suppose -2*l + 7645 = q, -17*l - 5*q + 11464 = -14*l. List the prime factors of l.
3823
Suppose -5*s + 0*s = 2*h - 253, 4*s = 12. What are the prime factors of h?
7, 17
Let g(n) = 9*n + 34 + 32 - 54. List the prime factors of g(8).
2, 3, 7
Let b = 8 + -4. Suppose 2*r + 16 = 5*n + b*r, 2*n + 3*r - 2 = 0. List the prime factors of n.
2
Let f(u) = u**2 + 6*u + 29. Let c(m) = m**3 - 6*m**2 - 8*m - 8. Let i be c(7). List the prime factors of f(i).
2, 41
Let h = 250 - 553. Let i = h - -425. What are the prime factors of i?
2, 61
Let z(y) = -y**3 + 2*y**2 - 2. Let x be z(2). Let q = -7 - x. Let k(h) = h**3 + 8*h**2 + 2*h - 6. What are the prime factors of k(q)?
59
Suppose 2*m + 150 = -3*t + 6*m, -2*m - 200 = 4*t. Let n = t + 122. Suppose -2*j - n = -5*j. List the prime factors of j.
2, 3
Suppose 0 = 3*x + 4*x - 2758. Suppose -6*v + 236 = -x. What are the prime factors of v?
3, 5, 7
Suppose 3*q = 4*q - 4*h + 10, 5*h - 20 = 0. Let n(m) = 13*m + 22. What are the prime factors of n(q)?
2, 5
Let j be (4 - 0) + -8 + 7. Suppose j*c - 319 = -c + 5*y, 3*c = -3*y + 246. What are the prime factors of c?
3
Suppose -13*c + 321 = -251. List the prime factors of c.
2, 11
Let r(c) = 4*c**3 + 1. Let t be r(1). Suppose -33 = 2*p + 3*o, -5*p + t*o + 9 - 104 = 0. Let n = 32 + p. What are the prime factors of n?
2, 7
Let d(o) = -186*o - 16. Let w be d(-6). Let n be w/60 - 1/3. Let q(x) = -x + 34. List the prime factors of q(n).
2
Suppose 3*d - 8 = 4*u, 4*u + 8 = 4*d - 0*u. Let q be (d + 1/2)*4. Suppose -z + 25 = 4*z + 5*w, -q*w + 18 = 4*z. What are the prime factors of z?
2
Suppose -2*i + 182 = 3*i - c, 2*c + 179 = 5*i. Let y = 36 + i. What are the prime factors of y?
73
Let r(q) = -4 - 4*q + 5*q + 1 - 4*q + 25*q**2. List the prime factors of r(-2).
103
Let g(a) = 16*a**3 - 1. Let l be g(1). Let s = l + -15. Let h(n) = 3*n + 14. What are the prime factors of h(s)?
2, 7
Let h be (-16)/(-24) - (-974)/6. Let s = h + -106. Suppose -o - 4*v = -8 - 20, -4*o + s = 5*v. What are the prime factors of o?
2
List the prime factors of 28/(-56) - 2818/(-4).
2, 11
Let x = -15 - -17. Suppose -5*p + x*p + 417 = -4*z, -3*p + 2*z = -423. What are the prime factors of p?
11, 13
Suppose 27708 - 6288 = 90*x. List the prime factors of x.
2, 7, 17
List the prime factors of (-1 + -3 + 1)/(15/(-13485)).
3, 29, 31
Let a(s) = 8*s - 4. Let k(y) = y + 1. Let h(d) = a(d) + 2*k(d). Suppose -f + 3*z - 13 = -0, 3*f + 4*z = 26. What are the prime factors of h(f)?
2, 3
Let s(r) = -91*r + 15. Let g(o) = -636*o + 105. Let a(x) = -4*g(x) + 27*s(x). List the prime factors of a(2).
3, 53
List the prime factors of 40215/55 + 20/(-110).
17, 43
Let l(g) = -3*g - 23. Let z be l(-8). What are the prime factors of (4/(-2))/(-2) - (-74 + z)?
2, 37
Let u = -3027 - -4428. List the prime factors of u.
3, 467
Suppose -q + 5*z + 13 = 2*q, q + 3*z - 9 = 0. Suppose -3*y = q*y - 1170. What are the prime factors of y?
2, 5, 13
Suppose 2*j - 194 = -f, -2*f - f + 3*j = -600. Let d = -31 + f. List the prime factors of d.
167
Let a = 122 - -258. List the prime factors of a.
2, 5, 19
Suppose 2*w + 2*w = -3*i + 4, i - 5*w = -5. Let f = 0 + i. Suppose 4*v = -f*v + 20. List the prime factors of v.
5
Let v be (2/8)/(-3 - 111/(-36)). What are the prime factors of 70 - (4 + v/(-3 - 0))?
67
Let p(k) = -k + 34. Let r be p(19). Let n = 151 + 9. Suppose -5*y + n = r. List the prime factors of y.
29
List the prime factors of (-8)/10 - ((-704)/5 - -1).
139
Suppose 5 = u, 0 = -5*w - 3*u + 4827 - 1137. What are the prime factors of w?
3, 5, 7
Let r = 88 + -146. Let x = 167 + r. What are the prime factors of x?
109
Let s = -4 - 1. What are the prime factors of 10/4*(-4)/s?
2
Let h(r) = -r - 4. Let p be h(-14). Suppose -2*q + 8*t - 3*t = 8, 0 = -3*t. Let b = q + p. What are the prime factors of b?
2, 3
Suppose 0 = 7*o - 5174 + 1338. List the prime factors of o.
2, 137
Suppose -6*x + x + 40 = 0. Let b(u) = -u**2 + 11*u - 2. Let l be b(x). List the prime factors of 80/44 + 4/l.
2
What are the prime factors of (-10)/80 - 113911/(-56)?
2, 3, 113
Let l(s) = -s**3 - 16*s**2 - 13*s + 11. What are the prime factors of l(-17)?
521
What are the prime factors of 13900/12 - 2/18*-15?
2, 5, 29
Suppose 58558 = 27*g - 12020. What are the prime factors of g?
2, 1307
Let x(t) = 41*t - 12. Suppose 10 = 2*f - 4*w, 4*f - 10 = -2*w - 0*w. List the prime factors of x(f).
3, 37
Let c be ((-60)/9)/(2/(-54)). Suppose -c = -u - 3*u. Let t = 75 - u. What are the prime factors of t?
2, 3, 5
Suppose 9*o + 440 = 13*o. Suppose -4*y - 16 - 14 = 2*t, 4*t - 2*y = -o. Let f = 60 + t. List the prime factors of f.
5, 7
Suppose 2*i = 4*y - 6*y + 46, 5*y - 125 